 of k.
2
Let g(n) = 2*n + 10. Let q be g(-9). Let k = q - -20. List the prime factors of k.
2, 3
Let d(i) = 5*i**2 + 18*i - 2. List the prime factors of d(7).
3, 41
Let p(x) be the second derivative of 2*x**3 + x**2/2 + 2*x. What are the prime factors of p(1)?
13
Let s = 34 + 58. What are the prime factors of s?
2, 23
Suppose 3*p - 72 = -5*t + 74, -4*t = -5*p - 102. List the prime factors of t.
2, 7
Let z = -182 - -329. List the prime factors of z.
3, 7
Suppose 6*m = 2*m + 36. Suppose -d - 4*i - m = 0, -61 = 5*d - 3*i + 30. Let r = d - -30. What are the prime factors of r?
13
Suppose -4*b + 2*x - 116 = 0, 4*b - 2*x + 116 = -x. Let v = 56 + b. What are the prime factors of v?
3
Let y = -4 + 3. Let i be (0 - y)*(1 - 1). Suppose -2*c + 21 = p + 3*c, i = 3*p + 3*c - 39. What are the prime factors of p?
11
Let z(t) = -t**2 + t + 51. List the prime factors of z(7).
3
Let v(k) be the third derivative of -3*k**6/40 + k**4/24 - 4*k**2. What are the prime factors of v(-1)?
2
Suppose -25 = -3*f - 2*f + 2*w, -3*f = -5*w - 34. Suppose 0 = -5*d - u + 19, f*u = -2*d + d + 15. What are the prime factors of d?
3
Let a(d) = 2*d + 3. Let j = -15 - -21. Suppose -3 = -3*x + j. List the prime factors of a(x).
3
Suppose 20 = 4*b + 4*x, 0 = 3*b - 2*b + 2*x - 9. Let u(s) = -s**3 + s**2 + 1. Let a be u(b). List the prime factors of a/5 + (-78)/(-10).
2
Let y(h) = 13*h - 2. List the prime factors of y(2).
2, 3
Let n = -14 - -53. Let v = -22 + n. What are the prime factors of v?
17
Suppose -2*n = -n + 3. Suppose -3*g = 13 - 1. List the prime factors of (9/g)/(n/8).
2, 3
Let q(i) = i - 11. Let c(w) = -2*w + 10. Let h(m) = -2*c(m) - 3*q(m). List the prime factors of h(-9).
2
List the prime factors of (-7)/((-28)/(-16)) - -20.
2
Let q = 55 - 30. What are the prime factors of q?
5
Suppose -k + 4*l + 1 = 0, 4*k + 15 = -2*l + 73. List the prime factors of k.
13
List the prime factors of (-3 + 4)*(-2 + -1)*-1.
3
What are the prime factors of 5 + -2 - 62/(-2)?
2, 17
Let v be (8/12)/(1/(-6)). Let h = 0 - v. Suppose 3*i - 20 = l, -2*l + h*l - 9 = -i. What are the prime factors of i?
7
Suppose -4*w + 724 = 4*v, -2*w - 9*v + 356 = -4*v. What are the prime factors of w?
3, 61
Suppose 4*j - 44 = -4. Let l be ((-2)/5)/(1/j). Let g(z) = -z**3 - 3*z**2 + 3*z - 1. What are the prime factors of g(l)?
3
Suppose 4*n - 3 = 5. What are the prime factors of n?
2
Suppose i + 3*a - 2 = -3*i, 0 = 3*a + 6. Let d = i - 0. Suppose 0 = 2*m - 2*l - 10, -d*l = 3*m - 0 - 10. List the prime factors of m.
2
Suppose 4*p + 2 = -2. Let n be (p + -1)/(-2) - 6. Let d(t) = -t**3 - 4*t**2 + 3*t + 6. List the prime factors of d(n).
2
Let y be (25/20)/((-2)/(-8)). Suppose -4*l + 7 = -4*v - y*l, 5*l = 3*v + 11. What are the prime factors of (v - (2 + -5)) + 10?
11
Let k(i) = -i**3 - 11*i**2 - 6*i + 1. Let g be k(-11). Suppose -5*b + 162 = g. What are the prime factors of b?
19
List the prime factors of (5 - (7 - -2)) + 344.
2, 5, 17
Suppose -8*l = -114 - 30. What are the prime factors of l?
2, 3
What are the prime factors of (16 - -4) + 1 + -5?
2
Suppose -3*d - 2*c + 688 = -104, -5*d - 2*c + 1316 = 0. What are the prime factors of d?
2, 131
Let j(v) = -v - 3. Let p be j(-11). What are the prime factors of (p - 5) + (-24)/(-1)?
3
Let x = -78 - -128. What are the prime factors of x?
2, 5
Suppose 0 = -8*s + 14*s - 606. What are the prime factors of s?
101
Suppose h = -0*c - 5*c + 60, -3*c = -4*h - 59. Suppose -5*t + i = -3*t - 12, 3*t = 4*i + c. What are the prime factors of t?
7
Suppose -5*o = o - 1518. What are the prime factors of o?
11, 23
Suppose 5*t + 1 + 4 = 0. Let x = t - -14. What are the prime factors of x?
13
Suppose -2*g + 37 + 33 = 0. What are the prime factors of g?
5, 7
Let i = 25 + -3. What are the prime factors of 11/i + (-62)/(-4)?
2
Let h(z) = -z + 14. List the prime factors of h(11).
3
Let t(d) = -5*d - 7. Suppose -4*v - v - 30 = 0. List the prime factors of t(v).
23
Let j(o) = o**3 + 5*o**2 + 4. Suppose -3*w - 2*n = 15, -5*w = -4*n + 4 + 21. Let r be j(w). Suppose 2*u + 12 = r*u. List the prime factors of u.
2, 3
Let b(a) = -a**2 + 12*a - 6. Let g be b(9). What are the prime factors of (-14)/g*42/(-2)?
2, 7
Let m(i) = i**3 + 9*i**2 - 4. Let n be m(-8). Let t = -27 + n. List the prime factors of t.
3, 11
Let f be 8/(-24) + (-28)/6. Let x(y) = -6*y**3 + 2*y**2 - 1. Let n be x(-1). Let l = n - f. What are the prime factors of l?
2, 3
Let z = 4 + 38. What are the prime factors of z?
2, 3, 7
Suppose -5*h = -0*h. Suppose -4*s + 28 + 104 = h. List the prime factors of s.
3, 11
Let y(b) = -b - 4*b + 10 - 4. List the prime factors of y(-5).
31
Suppose 16 = 7*d - 3*d. Let b(s) = s**3 - 2*s**2 + 2. List the prime factors of b(d).
2, 17
Suppose 9 = -2*x - 5*a, 2*a + 26 = 2*x - 0*a. What are the prime factors of x?
2
Suppose -2*z - 210 = -7*z. Suppose -3*m = -2*q - z, 0*m + 2*m = -4*q + 28. List the prime factors of m.
2, 7
Suppose -5*x + 2*x + 267 = 0. What are the prime factors of x?
89
Let g(w) = -34*w**3 + 2*w + 1. What are the prime factors of g(-1)?
3, 11
Suppose 4*d - 100 = -2*z, d + 0*d = -z + 52. Suppose 0 = -q + 4*q - z. List the prime factors of q.
2, 3
Let n(u) = -u + 4. Suppose 5*s + 4*i = 2*i + 118, 3*i = -5*s + 122. Suppose -2*d - 2*o - s = 2*d, 0 = -3*d + 4*o - 22. What are the prime factors of n(d)?
2, 5
Suppose 5*l = 5*r + 30, 0*l - 3 = l + 2*r. Let a(d) = 0*d**3 + 2*d**l - 2*d**3 - 2 + d**3 + 8*d - 8*d**2. What are the prime factors of a(7)?
5
Let h be 3 + -1 + -2 - -2. Suppose 0 = -o + 2*z + 10, -o - 26 = -6*o + h*z. Suppose -3*y = -o - 56. List the prime factors of y.
2, 5
Let y(w) = 2*w - 21. Let d(r) = r - 10. Let c(t) = 5*d(t) - 2*y(t). Let b = 1 - -11. What are the prime factors of c(b)?
2
Suppose -k - 2 = -5*c + 4, 44 = 4*k - 3*c. Suppose -4*x - k + 6 = 0. What are the prime factors of 4/8 + (-11)/x?
2, 3
Suppose 2*x + 4 = 4*x. Suppose -2*t = -4*s + 38, x*s - 42 = -3*s - 3*t. What are the prime factors of s?
3
Let s = -25 - -51. Let k be (s/4)/((-8)/48). List the prime factors of 24/13 + (-6)/k.
2
Let b be 0 + -3*(-2)/(-3). Let c = 2 - b. Suppose c = 2*y - w + 3*w, 2*y - 2*w = 20. List the prime factors of y.
2, 3
Suppose -2*k - 14 = -4*a, 0 = 3*k - 0*a + 5*a - 34. What are the prime factors of k?
3
Suppose -2*z = 2*a - 298, 5*a - 737 = -0*z - 3*z. What are the prime factors of a?
5, 29
List the prime factors of (-3)/(-12) + (-21)/(-12).
2
What are the prime factors of (-78)/(-8) - 16/(-64)?
2, 5
Let o = 195 + -103. List the prime factors of o.
2, 23
Let z be 8 + -1 + -2 + 1. Let x(b) = b**3 - 5*b**2 + b + 5. Let r be x(z). Suppose s - v - 4 = 4, 4*s = -v + r. What are the prime factors of s?
11
Let f(t) = 3*t**2. Let j be f(-1). Suppose 0*i - j*i = -15. List the prime factors of i.
5
Let l(a) = -a**2 + 4*a + 3. Let z be l(4). Suppose 4*p - q + 3*q = 4, -z*q - 2 = 2*p. List the prime factors of p/(-4) - (-29)/2.
2, 7
Suppose -3*h + 144 = h - 4*d, 0 = 3*h + 5*d - 92. Let o = -9 + h. What are the prime factors of o?
5
Let g(q) = 46*q**2 + 2*q - 1. Let w(v) = v**3 + 4*v**2 + 4*v + 4. Let l be w(-3). What are the prime factors of g(l)?
47
Let c be ((-3)/(3/65))/1. Let o = -43 - c. What are the prime factors of o?
2, 11
Let s(j) = j**3 - 5*j**2 - 7*j + 6. Let n be s(6). Suppose n*t = 2*t - 40. What are the prime factors of t?
2, 5
Suppose -b - 6 = -4*b. Suppose 0 = b*x + 3*x - 225. Suppose 0 = 5*t - 0*t - x. List the prime factors of t.
3
Suppose 9*i - 300 = 6*i. What are the prime factors of i?
2, 5
Let p be (-14 + 2/2)*-1. Let y = -1 + 3. Suppose 0*f + p = f + 2*d, y*d - 10 = 0. List the prime factors of f.
3
Let g(q) = q**3 - 3*q - 2. Let h be g(-2). Let j = h + 0. List the prime factors of (-4 + 6)*(-18)/j.
3
Let t be 3/((-2)/(1 + 5)). Suppose o - 4 - 13 = 0. Let c = t + o. What are the prime factors of c?
2
Let s be 9/4 + 6/8. Suppose 1 = s*o - 5. List the prime factors of o.
2
Let n(c) = c**3 - 6*c**2 - c + 4. Let t be n(6). Let l(g) be the second derivative of -2*g**3/3 - g**2/2 + 2*g. What are the prime factors of l(t)?
7
Let f be (-22)/6 - 2/(-3). Let h = f + 8. Suppose -h*i + 0*i = -10. List the prime factors of i.
2
Let b = -258 + 512. List the prime factors of b.
2, 127
Suppose 74 = 3*m - m. Let g = m - 21. Suppose 2*h - 6*h + g = 0. What are the prime factors of h?
2
Suppo